8
-1052343
1034550 (base 7) to base 9
212470
What is 131330333300 (base 4) in base 14?
1085744
Convert 1364751 (base 8) to base 12.
168349
Convert -617083 (base 9) to base 15.
-736c3
What is 35714 (base 14) in base 16?
1fd36
Convert -10001001011111001110 (base 2) to base 3.
-1001121111102
296094 (base 11) to base 7
3632552
What is -7491 (base 12) in base 10?
-12781
Convert -450836 (base 11) to base 7.
-6051336
11c29 (base 13) to base 2
1000000000110101
What is 5358a9 (base 11) in base 7?
10166211
3760d5 (base 14) to base 6
104411455
20525535 (base 7) to base 8
6502265
-2252512 (base 7) to base 6
-10012521
Convert -1111111001110011 (base 2) to base 9.
-108316
What is -145151556 (base 7) in base 5?
-4434123114
What is 27b57 (base 15) in base 7?
1040344
-535cbc (base 14) to base 13
-779ac9
What is 309fe (base 16) in base 4?
300213332
What is -206c13 (base 15) in base 14?
-2c1bca
Convert -3a2888 (base 12) to base 10.
-958568
Convert -232022313 (base 4) to base 14.
-4ccbd
-1124015 (base 8) to base 4
-1022200031
-3587524 (base 10) to base 9
-6667137
What is 212625 (base 10) in base 2?
110011111010010001
a6156 (base 13) to base 15
5d907
-555c02 (base 15) to base 16
-3e18c9
-2103003011 (base 4) to base 14
-119701
What is -1314113212 (base 5) in base 4?
-30132102233
1330330001 (base 4) to base 12
208195
-312230323021 (base 4) to base 7
-232612645
What is 32174320 (base 8) in base 9?
13844732
What is -23000211211 (base 4) in base 6?
-141505021
-250d30 (base 16) to base 3
-11120100212122
What is -2935 (base 14) in base 13?
-3426
-135476 (base 9) to base 7
-463212
Convert 265a16 (base 11) to base 7.
3360110
Convert 1102211021 (base 4) to base 11.
21114a
Convert -66274 (base 9) to base 12.
-21541
-106137 (base 11) to base 2
-101001010011101110
Convert -3604546 (base 9) to base 8.
-7344354
Convert 131320331 (base 4) to base 9.
205842
1837628 (base 11) to base 10
3113965
What is 3113331310 (base 4) in base 14?
190536
What is 244122 (base 6) in base 5?
1143100
-100011101010010101010 (base 2) to base 8
-4352252
-2101111200020 (base 3) to base 4
-10311332301
-1100110100111110 (base 2) to base 11
-36526
Convert 391072 (base 12) to base 6.
32012222
1bc6a (base 14) to base 15
160b6
What is -26ed0 (base 15) in base 4?
-132132231
-116996 (base 12) to base 15
-58566
Convert -1011111110100100111001 (base 2) to base 9.
-5815114
Convert 51455333 (base 7) to base 15.
5a3e58
Convert 200131233322 (base 4) to base 8.
40355772
Convert 7550361 (base 8) to base 6.
111141505
-916520 (base 10) to base 11
-576660
-878352 (base 10) to base 13
-249a47
What is 20542100 (base 6) in base 13?
182148
Convert -13243240233 (base 5) to base 12.
-574b523
-200671 (base 8) to base 9
-110447
Convert -1111110111000010000 (base 2) to base 10.
-519696
What is -287ab50 (base 12) in base 3?
-120021212201220
What is -772546 (base 16) in base 13?
-1805116
What is ad895 (base 14) in base 3?
210102020021
What is 154252 (base 10) in base 13?
55297
Convert -111010000010011000 (base 2) to base 14.
-628c0
1913850 (base 10) to base 5
442220400
What is 5102222 (base 7) in base 3?
1010210001222
2655641 (base 7) to base 13
c3512
What is -1972148 (base 10) in base 16?
-1e17b4
a6828 (base 12) to base 8
653440
What is -176830 (base 11) in base 12?
-111865
25ba53 (base 15) to base 4
12322032000
What is -4b351d (base 15) in base 5?
-1410340103
Convert 760501 (base 8) to base 10.
254273
2022425 (base 6) to base 13
34bcb
Convert -546437 (base 13) to base 15.
-293078
-246105 (base 8) to base 9
-138612
Convert -400001 (base 8) to base 7.
-1054065
What is 320123322010 (base 4) in base 11?
839525a
12121012001200 (base 3) to base 12
bb6153
Convert 110011100111010 (base 2) to base 13.
c04a
Convert -1e0210 (base 15) to base 14.
-2a32b4
-53ac2 (base 15) to base 6
-5410002
Convert 76a86a (base 16) to base 4.
131222201222
What is -21002111112021 (base 3) in base 16?
-3983e3
159568b (base 12) to base 3
22022212211222
What is -2474a09 (base 11) in base 2?
-10000011000111010100100
Convert 135a06 (base 11) to base 9.
353864
What is 10011001010011001100 (base 2) in base 3?
1011220100011
-21904 (base 11) to base 5
-2003311
What is 6e25ce (base 15) in base 8?
24072755
80583 (base 9) to base 4
30323220
Convert -4000 (base 8) to base 10.
-2048
-eb287 (base 15) to base 3
-1101220221101
Convert 11100011011010011 (base 2) to base 13.
40cc7
-130215 (base 7) to base 11
-17138
-45b942 (base 12) to base 13
-30265a
Convert -4565b2 (base 13) to base 10.
-1642149
Convert -5658c (base 14) to base 13.
-7456a
-11010010101011001 (base 2) to base 6
-2151213
-ba414 (base 12) to base 8
-740320
bb9a9 (base 13) to base 6
11142022
Convert 151364662 (base 7) to base 4.
212121230032
What is 8355456 (base 10) in base 16?
7f7e80
-230780 (base 14) to base 6
-41320140
What is -11183 (base 11) in base 16?
-3f38
What is 2642aa0 (base 12) in base 3?
112012201122210
Convert -556655 (base 9) to base 13.
-b8724
-301323023 (base 4) to base 15
-408cb
-4d7cab (base 14) to base 5
-1141004130
What is 2394 (base 14) in base 4?
1200332
34778 (base 14) to base 6
2423114
What is -5bc0b (base 13) in base 7?
-1302513
What is 2336884 (base 11) in base 12?
1448810
-75ce5 (base 15) to base 4
-1123112111
Convert -6d407 (base 14) to base 16.
-412cf
What is -a7a77 (base 11) in base 9?
-258347
What is -310041402 (base 5) in base 10?
-1252727
What is -b0a288 (base 14) in base 6?
-331222332
-4202504 (base 6) to base 11
-1293a7
Convert 6793b (base 13) to base 6.
4011500
What is 43100104 (base 5) in base 2?
1011000100000100001
101001000100001110000 (base 2) to base 12
54a894
What is 31567 (base 16) in base 11?
128916
What is -212400213 (base 5) in base 4?
-3130200033
1203112200 (base 5) to base 15
3a041a
Convert 544aa (base 12) to base 5.
12030143
What is 49605 (base 11) in base 10?
71274
1be39b (base 15) to base 9
2508442
What is 47b60b (base 12) in base 3?
2011221201102
What is -11011001100000111000 (base 2) in base 4?
-3121200320
Convert 41b906 (base 12) to base 15.
157119
Convert 606352 (base 7) to base 2.
11001001010101100
Convert -22111211121211 (base 3) to base 15.
-5e5634
Convert 20f45 (base 16) to base 10.
134981
Convert 136216 (base 10) to base 9.
226761
Convert -5268b5 (base 13) to base 2.
-111010110110001001101
Convert 1331130032 (base 4) to base 2.
1111101011100001110
What is -213321201 (base 4) in base 8?
-477141
Convert 32004a (base 13) to base 12.
485847
4005932 (base 10) to base 4
33102000230
1812583 (base 10) to base 12
734b47
What is -101110120200211 (base 3) in base 2?
-10101001101111011000001
What is -3416435 (base 7) in base 2?
-1100111101110011000
What is 421648 (base 11) in base 8?
2447413
What is 326034 (base 13) in base 14?
22b7d8
Convert 500364 (base 7) to base 5.
10143403
What is 11567189 (base 10) in base 16?
b08055
What is 3334302314 (base 5) in base 3?
111210210121122
Convert 3414042413 (base 5) to base 16.
73702e
3982c (base 14) to base 6
3011200
What is -10020a (base 11) in base 16?
-27617
7775250 (base 9) to base 8
17752251
Convert -213012032 (base 6) to base 13.
-a24c13
What is -314165 (base 8) in base 10?
-104565
What is 240114124 (base 5) in base 13?
2c5a37
-104690 (base 11) to base 3
-22111100121
What is -1244a (base 13) in base 4?
-20032131
What is -3737718 (base 11) in base 4?
-120301332102
Convert 143255320 (base 6) to base 10.
2962560
What is -1cae3 (base 16) in base 6?
-2303511
What is -30222000 (base 5) in base 9?
-408117
144597 (base 15) to base 10
976642
Convert -2727b4 (base 15) to base 12.
-768a97
-120946 (base 12) to base 16
-47346
Convert 6035662 (base 8) to base 13.
437b41
134641 (base 8) to base 13
18826
Convert 22746533 (base 9) to base 2.
101010001111011011000000
What is -102542 (base 12) in base 7?
-2102531
1aa32 (base 14) to base 11
46a91
What is -132030233 (base 5) in base 15?
-d0048
What is -5764a (base 12) in base 14?
-30758
What is -debbe (base 16) in base 11?
-573490
Convert 2b5c8 (base 14) to base 7.
630241
-402233304 (base 6) to base 11
-3946a68
What is 345032 (base 10) in base 3?
122112021222
Convert 3453253 (base 6) to base 14.
48da1
Convert -21211211011 (base 3) to base 13.
-55393
-a502a9 (base 12) to base 16
-278ea1
What is 426869 (base 10) in base 4?
1220031311
What is 1031320033 (base 4) in base 2?
10011011110000011